{"id":2002,"date":"2018-10-11T12:09:07","date_gmt":"2018-10-11T12:09:07","guid":{"rendered":"http:\/\/justicia.mikado-themes.com\/?page_id=2002"},"modified":"2025-11-29T16:49:27","modified_gmt":"2025-11-29T16:49:27","slug":"servicii","status":"publish","type":"page","link":"https:\/\/avocatovidiugherman.ro\/?page_id=2002","title":{"rendered":"Servicii \u0219i expertiz\u0103"},"content":{"rendered":"<p>[vc_row css=&#8221;.vc_custom_1594238566557{padding-top: 73px !important;padding-right: 30px !important;padding-bottom: 89px !important;padding-left: 30px !important;}&#8221;][vc_column width=&#8221;1\/3&#8243;][vc_single_image image=&#8221;3261&#8243; img_size=&#8221;full&#8221;][\/vc_column][vc_column width=&#8221;2\/3&#8243;][vc_column_text]<\/p>\n<p style=\"text-align: justify;\">Acord\u0103m consultan\u0163\u0103 juridic\u0103, asisten\u0163\u0103 \u015fi reprezentare \u00een fa\u0163a oric\u0103ror organe judiciare, institu\u0163ii, PF sau PJ, pe \u00eentreg teritoriul \u0163\u0103rii.<br \/>\nActivitatea Cabinetului se desf\u0103\u015foar\u0103 preponderent pe raza jude\u0163elor Cluj \u015fi S\u0103laj, \u00eens\u0103 putem g\u0103si o solu\u0163ie la problema dvs. indiferent de localitatea sau \u0163ara \u00een care v\u0103 afla\u0163i.<br \/>\nTehnologia actual\u0103 ne permite s\u0103 comunic\u0103m eficient \u015fi s\u0103 rezolv\u0103m situa\u0163ii de orice natur\u0103, prin intermediul mijloacelor de comunicare la distan\u0163\u0103.<br \/>\nMai jos ve\u0163i reg\u0103si principalele arii de practic\u0103 ale cabinetului nostru, f\u0103r\u0103 ca aceast\u0103 list\u0103 s\u0103 fie exhaustiv\u0103. \u00cen m\u0103sura \u00een care considera\u0163i c\u0103 problema dvs. nu se \u00eencadreaz\u0103 \u00een niciunul dintre domeniile eviden\u0163iate, pute\u0163i folosi formularul de contact pentru a ne solicita clarific\u0103ri ori informa\u0163ii suplimentare.<\/p>\n<p>&nbsp;<\/p>\n<p style=\"text-align: center;\"><strong>0742 936 778 <\/strong><\/p>\n<p>[\/vc_column_text][\/vc_column][\/vc_row][vc_row row_content_width=&#8221;grid&#8221; css=&#8221;.vc_custom_1540457303617{margin-top: -37px !important;padding-bottom: 117px !important;background-position: center !important;background-repeat: no-repeat !important;background-size: cover !important;}&#8221;][vc_column]<div class=\"mkdf-portfolio-list-holder mkdf-grid-list mkdf-disable-bottom-space mkdf-pl-gallery mkdf-four-columns mkdf-small-space mkdf-pl-standard-shader    mkdf-pl-pag-no-pagination     \"  data-type=gallery data-number-of-columns=four data-space-between-items=small data-number-of-items=12 data-image-proportions=full data-enable-fixed-proportions=no data-enable-image-shadow=no data-orderby=date data-order=ASC data-item-style=standard-shader data-enable-title=yes data-enable-category=no data-enable-count-images=yes data-enable-excerpt=no data-excerpt-length=20 data-pagination-type=no-pagination data-filter=no data-filter-order-by=name data-enable-article-animation=no data-portfolio-slider-on=no data-enable-loop=yes data-enable-autoplay=yes data-slider-speed=5000 data-slider-speed-animation=600 data-enable-navigation=yes data-enable-pagination=yes data-max-num-pages=1 data-next-page=2>\n\t\t<div class=\"mkdf-pl-inner mkdf-outer-space  clearfix\">\n\t\t<article class=\"mkdf-pl-item mkdf-item-space  post-3279 portfolio-item type-portfolio-item status-publish has-post-thumbnail hentry\">\n\t<div class=\"mkdf-pl-item-inner\">\n\t\t<div class=\"mkdf-pli-image\">\n\t<img width=\"800\" height=\"600\" src=\"https:\/\/avocatovidiugherman.ro\/wp-content\/uploads\/2020\/07\/MUNCII.jpg\" class=\"attachment-full size-full wp-post-image\" alt=\"\" loading=\"lazy\" srcset=\"https:\/\/avocatovidiugherman.ro\/wp-content\/uploads\/2020\/07\/MUNCII.jpg 800w, https:\/\/avocatovidiugherman.ro\/wp-content\/uploads\/2020\/07\/MUNCII-300x225.jpg 300w, https:\/\/avocatovidiugherman.ro\/wp-content\/uploads\/2020\/07\/MUNCII-768x576.jpg 768w\" sizes=\"(max-width: 800px) 100vw, 800px\" \/><\/div>\n<div class=\"mkdf-pli-text-holder\" >\n\t<div class=\"mkdf-pli-text-wrapper\">\n\t\t<div class=\"mkdf-pli-text\">\n\t\t\t\t<a itemprop=\"url\" href=\"https:\/\/avocatovidiugherman.ro\/?portfolio-item=dr-muncii-accidente-de-munca\">\n\t\t<h5 itemprop=\"name\" class=\"mkdf-pli-title entry-title\" >\n\t\t\tDr. Muncii &#038; Accidente de munc\u0103\t\t<\/h5>\n\t<\/a>\n\n\n\t\t\t\n\t\t\t\n\t\t\t\t\t<\/div>\n\t<\/div>\n<\/div>\n\t\t<a itemprop=\"url\" class=\"mkdf-pli-link mkdf-block-drag-link\" href=\"https:\/\/avocatovidiugherman.ro\/?portfolio-item=dr-muncii-accidente-de-munca\" target=\"_self\"><\/a>\n\t<\/div>\n<\/article><article class=\"mkdf-pl-item mkdf-item-space  post-3283 portfolio-item type-portfolio-item status-publish has-post-thumbnail hentry\">\n\t<div class=\"mkdf-pl-item-inner\">\n\t\t<div class=\"mkdf-pli-image\">\n\t<img width=\"800\" height=\"600\" src=\"https:\/\/avocatovidiugherman.ro\/wp-content\/uploads\/2020\/07\/CONTENCIOS.jpg\" class=\"attachment-full size-full wp-post-image\" alt=\"\" loading=\"lazy\" srcset=\"https:\/\/avocatovidiugherman.ro\/wp-content\/uploads\/2020\/07\/CONTENCIOS.jpg 800w, https:\/\/avocatovidiugherman.ro\/wp-content\/uploads\/2020\/07\/CONTENCIOS-300x225.jpg 300w, https:\/\/avocatovidiugherman.ro\/wp-content\/uploads\/2020\/07\/CONTENCIOS-768x576.jpg 768w\" sizes=\"(max-width: 800px) 100vw, 800px\" \/><\/div>\n<div class=\"mkdf-pli-text-holder\" >\n\t<div class=\"mkdf-pli-text-wrapper\">\n\t\t<div class=\"mkdf-pli-text\">\n\t\t\t\t<a itemprop=\"url\" href=\"https:\/\/avocatovidiugherman.ro\/?portfolio-item=contencios-administrativ\">\n\t\t<h5 itemprop=\"name\" class=\"mkdf-pli-title entry-title\" >\n\t\t\tContencios Administrativ &#038; Fiscal\t\t<\/h5>\n\t<\/a>\n\n\n\t\t\t\n\t\t\t\n\t\t\t\t\t<\/div>\n\t<\/div>\n<\/div>\n\t\t<a itemprop=\"url\" class=\"mkdf-pli-link mkdf-block-drag-link\" href=\"https:\/\/avocatovidiugherman.ro\/?portfolio-item=contencios-administrativ\" target=\"_self\"><\/a>\n\t<\/div>\n<\/article><article class=\"mkdf-pl-item mkdf-item-space  post-3285 portfolio-item type-portfolio-item status-publish has-post-thumbnail hentry\">\n\t<div class=\"mkdf-pl-item-inner\">\n\t\t<div class=\"mkdf-pli-image\">\n\t<img width=\"800\" height=\"600\" src=\"https:\/\/avocatovidiugherman.ro\/wp-content\/uploads\/2020\/07\/DR-FAMILIE.jpg\" class=\"attachment-full size-full wp-post-image\" alt=\"\" loading=\"lazy\" srcset=\"https:\/\/avocatovidiugherman.ro\/wp-content\/uploads\/2020\/07\/DR-FAMILIE.jpg 800w, https:\/\/avocatovidiugherman.ro\/wp-content\/uploads\/2020\/07\/DR-FAMILIE-300x225.jpg 300w, https:\/\/avocatovidiugherman.ro\/wp-content\/uploads\/2020\/07\/DR-FAMILIE-768x576.jpg 768w\" sizes=\"(max-width: 800px) 100vw, 800px\" \/><\/div>\n<div class=\"mkdf-pli-text-holder\" >\n\t<div class=\"mkdf-pli-text-wrapper\">\n\t\t<div class=\"mkdf-pli-text\">\n\t\t\t\t<a itemprop=\"url\" href=\"https:\/\/avocatovidiugherman.ro\/?portfolio-item=dr-familie-succesiuni\">\n\t\t<h5 itemprop=\"name\" class=\"mkdf-pli-title entry-title\" >\n\t\t\tDr. Familiei &#038; Succesiuni\t\t<\/h5>\n\t<\/a>\n\n\n\t\t\t\n\t\t\t\n\t\t\t\t\t<\/div>\n\t<\/div>\n<\/div>\n\t\t<a itemprop=\"url\" class=\"mkdf-pli-link mkdf-block-drag-link\" href=\"https:\/\/avocatovidiugherman.ro\/?portfolio-item=dr-familie-succesiuni\" target=\"_self\"><\/a>\n\t<\/div>\n<\/article><article class=\"mkdf-pl-item mkdf-item-space  post-3291 portfolio-item type-portfolio-item status-publish has-post-thumbnail hentry\">\n\t<div class=\"mkdf-pl-item-inner\">\n\t\t<div class=\"mkdf-pli-image\">\n\t<img width=\"800\" height=\"600\" src=\"https:\/\/avocatovidiugherman.ro\/wp-content\/uploads\/2020\/07\/contracte.jpg\" class=\"attachment-full size-full wp-post-image\" alt=\"\" loading=\"lazy\" srcset=\"https:\/\/avocatovidiugherman.ro\/wp-content\/uploads\/2020\/07\/contracte.jpg 800w, https:\/\/avocatovidiugherman.ro\/wp-content\/uploads\/2020\/07\/contracte-300x225.jpg 300w, https:\/\/avocatovidiugherman.ro\/wp-content\/uploads\/2020\/07\/contracte-768x576.jpg 768w\" sizes=\"(max-width: 800px) 100vw, 800px\" \/><\/div>\n<div class=\"mkdf-pli-text-holder\" >\n\t<div class=\"mkdf-pli-text-wrapper\">\n\t\t<div class=\"mkdf-pli-text\">\n\t\t\t\t<a itemprop=\"url\" href=\"https:\/\/avocatovidiugherman.ro\/?portfolio-item=contracte-civile-comerciale\">\n\t\t<h5 itemprop=\"name\" class=\"mkdf-pli-title entry-title\" >\n\t\t\tContracte civile &#038; comerciale\t\t<\/h5>\n\t<\/a>\n\n\n\t\t\t\n\t\t\t\n\t\t\t\t\t<\/div>\n\t<\/div>\n<\/div>\n\t\t<a itemprop=\"url\" class=\"mkdf-pli-link mkdf-block-drag-link\" href=\"https:\/\/avocatovidiugherman.ro\/?portfolio-item=contracte-civile-comerciale\" target=\"_self\"><\/a>\n\t<\/div>\n<\/article><article class=\"mkdf-pl-item mkdf-item-space  post-3293 portfolio-item type-portfolio-item status-publish has-post-thumbnail hentry\">\n\t<div class=\"mkdf-pl-item-inner\">\n\t\t<div class=\"mkdf-pli-image\">\n\t<img width=\"800\" height=\"600\" src=\"https:\/\/avocatovidiugherman.ro\/wp-content\/uploads\/2020\/07\/bani.jpg\" class=\"attachment-full size-full wp-post-image\" alt=\"\" loading=\"lazy\" srcset=\"https:\/\/avocatovidiugherman.ro\/wp-content\/uploads\/2020\/07\/bani.jpg 800w, https:\/\/avocatovidiugherman.ro\/wp-content\/uploads\/2020\/07\/bani-300x225.jpg 300w, https:\/\/avocatovidiugherman.ro\/wp-content\/uploads\/2020\/07\/bani-768x576.jpg 768w\" sizes=\"(max-width: 800px) 100vw, 800px\" \/><\/div>\n<div class=\"mkdf-pli-text-holder\" >\n\t<div class=\"mkdf-pli-text-wrapper\">\n\t\t<div class=\"mkdf-pli-text\">\n\t\t\t\t<a itemprop=\"url\" href=\"https:\/\/avocatovidiugherman.ro\/?portfolio-item=executare-silita-recuperare-creante\">\n\t\t<h5 itemprop=\"name\" class=\"mkdf-pli-title entry-title\" >\n\t\t\tExecutare silit\u0103 &#038; Recuperare crean\u0163e\t\t<\/h5>\n\t<\/a>\n\n\n\t\t\t\n\t\t\t\n\t\t\t\t\t<\/div>\n\t<\/div>\n<\/div>\n\t\t<a itemprop=\"url\" class=\"mkdf-pli-link mkdf-block-drag-link\" href=\"https:\/\/avocatovidiugherman.ro\/?portfolio-item=executare-silita-recuperare-creante\" target=\"_self\"><\/a>\n\t<\/div>\n<\/article><article class=\"mkdf-pl-item mkdf-item-space  post-3295 portfolio-item type-portfolio-item status-publish has-post-thumbnail hentry\">\n\t<div class=\"mkdf-pl-item-inner\">\n\t\t<div class=\"mkdf-pli-image\">\n\t<img width=\"800\" height=\"600\" src=\"https:\/\/avocatovidiugherman.ro\/wp-content\/uploads\/2020\/07\/doctor.jpg\" class=\"attachment-full size-full wp-post-image\" alt=\"\" loading=\"lazy\" srcset=\"https:\/\/avocatovidiugherman.ro\/wp-content\/uploads\/2020\/07\/doctor.jpg 800w, https:\/\/avocatovidiugherman.ro\/wp-content\/uploads\/2020\/07\/doctor-300x225.jpg 300w, https:\/\/avocatovidiugherman.ro\/wp-content\/uploads\/2020\/07\/doctor-768x576.jpg 768w\" sizes=\"(max-width: 800px) 100vw, 800px\" \/><\/div>\n<div class=\"mkdf-pli-text-holder\" >\n\t<div class=\"mkdf-pli-text-wrapper\">\n\t\t<div class=\"mkdf-pli-text\">\n\t\t\t\t<a itemprop=\"url\" href=\"https:\/\/avocatovidiugherman.ro\/?portfolio-item=malpraxis-obtinere-despagubiri\">\n\t\t<h5 itemprop=\"name\" class=\"mkdf-pli-title entry-title\" >\n\t\t\tMalpraxis &#038; Ob\u0163inere desp\u0103gubiri\t\t<\/h5>\n\t<\/a>\n\n\n\t\t\t\n\t\t\t\n\t\t\t\t\t<\/div>\n\t<\/div>\n<\/div>\n\t\t<a itemprop=\"url\" class=\"mkdf-pli-link mkdf-block-drag-link\" href=\"https:\/\/avocatovidiugherman.ro\/?portfolio-item=malpraxis-obtinere-despagubiri\" target=\"_self\"><\/a>\n\t<\/div>\n<\/article><article class=\"mkdf-pl-item mkdf-item-space  post-3297 portfolio-item type-portfolio-item status-publish has-post-thumbnail hentry\">\n\t<div class=\"mkdf-pl-item-inner\">\n\t\t<div class=\"mkdf-pli-image\">\n\t<img width=\"800\" height=\"600\" src=\"https:\/\/avocatovidiugherman.ro\/wp-content\/uploads\/2020\/07\/apartamente.jpg\" class=\"attachment-full size-full wp-post-image\" alt=\"\" loading=\"lazy\" srcset=\"https:\/\/avocatovidiugherman.ro\/wp-content\/uploads\/2020\/07\/apartamente.jpg 800w, https:\/\/avocatovidiugherman.ro\/wp-content\/uploads\/2020\/07\/apartamente-300x225.jpg 300w, https:\/\/avocatovidiugherman.ro\/wp-content\/uploads\/2020\/07\/apartamente-768x576.jpg 768w\" sizes=\"(max-width: 800px) 100vw, 800px\" \/><\/div>\n<div class=\"mkdf-pli-text-holder\" >\n\t<div class=\"mkdf-pli-text-wrapper\">\n\t\t<div class=\"mkdf-pli-text\">\n\t\t\t\t<a itemprop=\"url\" href=\"https:\/\/avocatovidiugherman.ro\/?portfolio-item=urbanism-si-imobiliare\">\n\t\t<h5 itemprop=\"name\" class=\"mkdf-pli-title entry-title\" >\n\t\t\tUrbanism \u015fi Imobiliare\t\t<\/h5>\n\t<\/a>\n\n\n\t\t\t\n\t\t\t\n\t\t\t\t\t<\/div>\n\t<\/div>\n<\/div>\n\t\t<a itemprop=\"url\" class=\"mkdf-pli-link mkdf-block-drag-link\" href=\"https:\/\/avocatovidiugherman.ro\/?portfolio-item=urbanism-si-imobiliare\" target=\"_self\"><\/a>\n\t<\/div>\n<\/article><article class=\"mkdf-pl-item mkdf-item-space  post-3299 portfolio-item type-portfolio-item status-publish has-post-thumbnail hentry\">\n\t<div class=\"mkdf-pl-item-inner\">\n\t\t<div class=\"mkdf-pli-image\">\n\t<img width=\"800\" height=\"600\" src=\"https:\/\/avocatovidiugherman.ro\/wp-content\/uploads\/2020\/07\/ong-1.jpg\" class=\"attachment-full size-full wp-post-image\" alt=\"\" loading=\"lazy\" srcset=\"https:\/\/avocatovidiugherman.ro\/wp-content\/uploads\/2020\/07\/ong-1.jpg 800w, https:\/\/avocatovidiugherman.ro\/wp-content\/uploads\/2020\/07\/ong-1-300x225.jpg 300w, https:\/\/avocatovidiugherman.ro\/wp-content\/uploads\/2020\/07\/ong-1-768x576.jpg 768w\" sizes=\"(max-width: 800px) 100vw, 800px\" \/><\/div>\n<div class=\"mkdf-pli-text-holder\" >\n\t<div class=\"mkdf-pli-text-wrapper\">\n\t\t<div class=\"mkdf-pli-text\">\n\t\t\t\t<a itemprop=\"url\" href=\"https:\/\/avocatovidiugherman.ro\/?portfolio-item=dr-asociativ-ong-uri\">\n\t\t<h5 itemprop=\"name\" class=\"mkdf-pli-title entry-title\" >\n\t\t\tDr. Asociativ \/ ONG-uri\t\t<\/h5>\n\t<\/a>\n\n\n\t\t\t\n\t\t\t\n\t\t\t\t\t<\/div>\n\t<\/div>\n<\/div>\n\t\t<a itemprop=\"url\" class=\"mkdf-pli-link mkdf-block-drag-link\" href=\"https:\/\/avocatovidiugherman.ro\/?portfolio-item=dr-asociativ-ong-uri\" target=\"_self\"><\/a>\n\t<\/div>\n<\/article><article class=\"mkdf-pl-item mkdf-item-space  post-3301 portfolio-item type-portfolio-item status-publish has-post-thumbnail hentry\">\n\t<div class=\"mkdf-pl-item-inner\">\n\t\t<div class=\"mkdf-pli-image\">\n\t<img width=\"800\" height=\"600\" src=\"https:\/\/avocatovidiugherman.ro\/wp-content\/uploads\/2020\/07\/srl-1.jpg\" class=\"attachment-full size-full wp-post-image\" alt=\"\" loading=\"lazy\" srcset=\"https:\/\/avocatovidiugherman.ro\/wp-content\/uploads\/2020\/07\/srl-1.jpg 800w, https:\/\/avocatovidiugherman.ro\/wp-content\/uploads\/2020\/07\/srl-1-300x225.jpg 300w, https:\/\/avocatovidiugherman.ro\/wp-content\/uploads\/2020\/07\/srl-1-768x576.jpg 768w\" sizes=\"(max-width: 800px) 100vw, 800px\" \/><\/div>\n<div class=\"mkdf-pli-text-holder\" >\n\t<div class=\"mkdf-pli-text-wrapper\">\n\t\t<div class=\"mkdf-pli-text\">\n\t\t\t\t<a itemprop=\"url\" href=\"https:\/\/avocatovidiugherman.ro\/?portfolio-item=dr-societar-infiintare-pfa-srl-sa\">\n\t\t<h5 itemprop=\"name\" class=\"mkdf-pli-title entry-title\" >\n\t\t\tDr. Societar &#038; \u00cenfiin\u0163are PFA\/SRL\/SA\t\t<\/h5>\n\t<\/a>\n\n\n\t\t\t\n\t\t\t\n\t\t\t\t\t<\/div>\n\t<\/div>\n<\/div>\n\t\t<a itemprop=\"url\" class=\"mkdf-pli-link mkdf-block-drag-link\" href=\"https:\/\/avocatovidiugherman.ro\/?portfolio-item=dr-societar-infiintare-pfa-srl-sa\" target=\"_self\"><\/a>\n\t<\/div>\n<\/article><article class=\"mkdf-pl-item mkdf-item-space  post-3306 portfolio-item type-portfolio-item status-publish has-post-thumbnail hentry\">\n\t<div class=\"mkdf-pl-item-inner\">\n\t\t<div class=\"mkdf-pli-image\">\n\t<img width=\"800\" height=\"600\" src=\"https:\/\/avocatovidiugherman.ro\/wp-content\/uploads\/2020\/07\/consum.jpg\" class=\"attachment-full size-full wp-post-image\" alt=\"\" loading=\"lazy\" srcset=\"https:\/\/avocatovidiugherman.ro\/wp-content\/uploads\/2020\/07\/consum.jpg 800w, https:\/\/avocatovidiugherman.ro\/wp-content\/uploads\/2020\/07\/consum-300x225.jpg 300w, https:\/\/avocatovidiugherman.ro\/wp-content\/uploads\/2020\/07\/consum-768x576.jpg 768w\" sizes=\"(max-width: 800px) 100vw, 800px\" \/><\/div>\n<div class=\"mkdf-pli-text-holder\" >\n\t<div class=\"mkdf-pli-text-wrapper\">\n\t\t<div class=\"mkdf-pli-text\">\n\t\t\t\t<a itemprop=\"url\" href=\"https:\/\/avocatovidiugherman.ro\/?portfolio-item=dr-consumului-clauze-abuzive\">\n\t\t<h5 itemprop=\"name\" class=\"mkdf-pli-title entry-title\" >\n\t\t\tDr. Consumului &#038; Clauze abuzive\t\t<\/h5>\n\t<\/a>\n\n\n\t\t\t\n\t\t\t\n\t\t\t\t\t<\/div>\n\t<\/div>\n<\/div>\n\t\t<a itemprop=\"url\" class=\"mkdf-pli-link mkdf-block-drag-link\" href=\"https:\/\/avocatovidiugherman.ro\/?portfolio-item=dr-consumului-clauze-abuzive\" target=\"_self\"><\/a>\n\t<\/div>\n<\/article><article class=\"mkdf-pl-item mkdf-item-space  post-3308 portfolio-item type-portfolio-item status-publish has-post-thumbnail hentry\">\n\t<div class=\"mkdf-pl-item-inner\">\n\t\t<div class=\"mkdf-pli-image\">\n\t<img width=\"800\" height=\"600\" src=\"https:\/\/avocatovidiugherman.ro\/wp-content\/uploads\/2020\/07\/masini.jpg\" class=\"attachment-full size-full wp-post-image\" alt=\"\" loading=\"lazy\" srcset=\"https:\/\/avocatovidiugherman.ro\/wp-content\/uploads\/2020\/07\/masini.jpg 800w, https:\/\/avocatovidiugherman.ro\/wp-content\/uploads\/2020\/07\/masini-300x225.jpg 300w, https:\/\/avocatovidiugherman.ro\/wp-content\/uploads\/2020\/07\/masini-768x576.jpg 768w\" sizes=\"(max-width: 800px) 100vw, 800px\" \/><\/div>\n<div class=\"mkdf-pli-text-holder\" >\n\t<div class=\"mkdf-pli-text-wrapper\">\n\t\t<div class=\"mkdf-pli-text\">\n\t\t\t\t<a itemprop=\"url\" href=\"https:\/\/avocatovidiugherman.ro\/?portfolio-item=asigurari-recuperare-dauna\">\n\t\t<h5 itemprop=\"name\" class=\"mkdf-pli-title entry-title\" >\n\t\t\tAsigur\u0103ri &#038; Recuperare daun\u0103\t\t<\/h5>\n\t<\/a>\n\n\n\t\t\t\n\t\t\t\n\t\t\t\t\t<\/div>\n\t<\/div>\n<\/div>\n\t\t<a itemprop=\"url\" class=\"mkdf-pli-link mkdf-block-drag-link\" href=\"https:\/\/avocatovidiugherman.ro\/?portfolio-item=asigurari-recuperare-dauna\" target=\"_self\"><\/a>\n\t<\/div>\n<\/article><article class=\"mkdf-pl-item mkdf-item-space  post-3310 portfolio-item type-portfolio-item status-publish has-post-thumbnail hentry\">\n\t<div class=\"mkdf-pl-item-inner\">\n\t\t<div class=\"mkdf-pli-image\">\n\t<img width=\"800\" height=\"600\" src=\"https:\/\/avocatovidiugherman.ro\/wp-content\/uploads\/2020\/07\/catuse.jpg\" class=\"attachment-full size-full wp-post-image\" alt=\"\" loading=\"lazy\" srcset=\"https:\/\/avocatovidiugherman.ro\/wp-content\/uploads\/2020\/07\/catuse.jpg 800w, https:\/\/avocatovidiugherman.ro\/wp-content\/uploads\/2020\/07\/catuse-300x225.jpg 300w, https:\/\/avocatovidiugherman.ro\/wp-content\/uploads\/2020\/07\/catuse-768x576.jpg 768w\" sizes=\"(max-width: 800px) 100vw, 800px\" \/><\/div>\n<div class=\"mkdf-pli-text-holder\" >\n\t<div class=\"mkdf-pli-text-wrapper\">\n\t\t<div class=\"mkdf-pli-text\">\n\t\t\t\t<a itemprop=\"url\" href=\"https:\/\/avocatovidiugherman.ro\/?portfolio-item=drept-penal-procesual-penal\">\n\t\t<h5 itemprop=\"name\" class=\"mkdf-pli-title entry-title\" >\n\t\t\tDrept penal &#038; Procesual penal\t\t<\/h5>\n\t<\/a>\n\n\n\t\t\t\n\t\t\t\n\t\t\t\t\t<\/div>\n\t<\/div>\n<\/div>\n\t\t<a itemprop=\"url\" class=\"mkdf-pli-link mkdf-block-drag-link\" href=\"https:\/\/avocatovidiugherman.ro\/?portfolio-item=drept-penal-procesual-penal\" target=\"_self\"><\/a>\n\t<\/div>\n<\/article>\t<\/div>\n\t\n\t<\/div>[vc_empty_space][vc_column_text]<\/p>\n<p style=\"text-align: justify;\"><strong>Contacta\u0163i-ne \u015fi vom g\u0103si \u00eempreun\u0103 cea mai bun\u0103 rezolvare la problema dvs.<\/strong><\/p>\n<p style=\"text-align: justify;\"><div role=\"form\" class=\"wpcf7\" id=\"wpcf7-f542-o1\" lang=\"en-US\" dir=\"ltr\">\n<div class=\"screen-reader-response\"><p role=\"status\" aria-live=\"polite\" aria-atomic=\"true\"><\/p> <ul><\/ul><\/div>\n<form action=\"\/index.php?rest_route=%2Fwp%2Fv2%2Fpages%2F2002#wpcf7-f542-o1\" method=\"post\" class=\"wpcf7-form init\" novalidate=\"novalidate\" data-status=\"init\">\n<div style=\"display: none;\">\n<input type=\"hidden\" name=\"_wpcf7\" value=\"542\" \/>\n<input type=\"hidden\" name=\"_wpcf7_version\" value=\"5.4.2\" \/>\n<input type=\"hidden\" name=\"_wpcf7_locale\" value=\"en_US\" \/>\n<input type=\"hidden\" name=\"_wpcf7_unit_tag\" value=\"wpcf7-f542-o1\" \/>\n<input type=\"hidden\" name=\"_wpcf7_container_post\" value=\"0\" \/>\n<input type=\"hidden\" name=\"_wpcf7_posted_data_hash\" value=\"\" \/>\n<\/div>\n<div class=\"mkdf-grid-row mkdf-grid-tiny-gutter\">\n<div class=\"mkdf-grid-col-6\">\n<label> Nume si prenume *<br \/>\n<span class=\"wpcf7-form-control-wrap your-name\"><input type=\"text\" name=\"your-name\" value=\"\" size=\"40\" class=\"wpcf7-form-control wpcf7-text wpcf7-validates-as-required\" aria-required=\"true\" aria-invalid=\"false\" \/><\/span>\n<\/div>\n<div class=\"mkdf-grid-col-6\">\n<label> Localitate *<br \/>\n<span class=\"wpcf7-form-control-wrap your-name1\"><input type=\"text\" name=\"your-name1\" value=\"\" size=\"40\" class=\"wpcf7-form-control wpcf7-text wpcf7-validates-as-required\" aria-required=\"true\" aria-invalid=\"false\" \/><\/span>\n<\/div>\n<div class=\"mkdf-grid-col-6\">\n<label> Telefon *<br \/>\n<span class=\"wpcf7-form-control-wrap your-phone\"><input type=\"text\" name=\"your-phone\" value=\"\" size=\"40\" class=\"wpcf7-form-control wpcf7-text wpcf7-validates-as-required\" aria-required=\"true\" aria-invalid=\"false\" \/><\/span>\n<\/div>\n<div class=\"mkdf-grid-col-6\">\n<label> Email *<br \/>\n<span class=\"wpcf7-form-control-wrap your-email\"><input type=\"email\" name=\"your-email\" value=\"\" size=\"40\" class=\"wpcf7-form-control wpcf7-text wpcf7-email wpcf7-validates-as-required wpcf7-validates-as-email\" aria-required=\"true\" aria-invalid=\"false\" \/><\/span><\/p>\n<\/div>\n<\/div>\n<p><label> Tipul consulta\u021biei *<br \/>\n<span class=\"wpcf7-form-control-wrap mkdf-select\"><select name=\"mkdf-select\" class=\"wpcf7-form-control wpcf7-select\" aria-invalid=\"false\"><option value=\"Consulta\u021bie la sediul Cabinetului\">Consulta\u021bie la sediul Cabinetului<\/option><option value=\"Consulta\u021bie online - \u00een sistem de video-conferin\u021b\u0103\">Consulta\u021bie online - \u00een sistem de video-conferin\u021b\u0103<\/option><\/select><\/span><br \/>\n<label> Descrierea situa\u021biei juridice *<br \/>\n<span class=\"wpcf7-form-control-wrap your-message\"><textarea name=\"your-message\" cols=\"40\" rows=\"10\" class=\"wpcf7-form-control wpcf7-textarea\" aria-invalid=\"false\"><\/textarea><\/span><br \/>\n<span class=\"wpcf7-form-control-wrap acceptance-147\"><span class=\"wpcf7-form-control wpcf7-acceptance\"><span class=\"wpcf7-list-item\"><label><input type=\"checkbox\" name=\"acceptance-147\" value=\"1\" aria-invalid=\"false\" \/><span class=\"wpcf7-list-item-label\">Sunt de acord cu Termenii \u0219i condi\u021biile de utilizare a site-ului*<\/span><\/label><\/span><\/span><\/span><br \/>\n<span class=\"wpcf7-form-control-wrap acceptance-167\"><span class=\"wpcf7-form-control wpcf7-acceptance\"><span class=\"wpcf7-list-item\"><label><input type=\"checkbox\" name=\"acceptance-167\" value=\"1\" aria-invalid=\"false\" \/><span class=\"wpcf7-list-item-label\">Sunt de acord cu prelucrarea datelor mele cu caracter personal conform GDPR*<\/span><\/label><\/span><\/span><\/span><br \/>\n<span class=\"wpcf7-form-control-wrap acceptance-855\"><span class=\"wpcf7-form-control wpcf7-acceptance optional\"><span class=\"wpcf7-list-item\"><label><input type=\"checkbox\" name=\"acceptance-855\" value=\"1\" aria-invalid=\"false\" \/><span class=\"wpcf7-list-item-label\">Sunt de acord s\u0103 primesc nout\u0103\u021bi din domeniul juridic<\/span><\/label><\/span><\/span><\/span><\/p>\n<p><input type=\"submit\" value=\"Trimite\" class=\"wpcf7-form-control wpcf7-submit\" \/><\/p>\n<div class=\"wpcf7-response-output\" aria-hidden=\"true\"><\/div><\/form><\/div>\n<p>&nbsp;<\/p>\n<p style=\"text-align: center;\"><strong>0742 936 778 <\/strong><\/p>\n<p>[\/vc_column_text][\/vc_column][\/vc_row][vc_row css=&#8221;.vc_custom_1594238135370{padding-top: 73px !important;padding-bottom: 89px !important;}&#8221;][vc_column offset=&#8221;vc_col-lg-offset-2 vc_col-lg-8 vc_col-md-offset-1 vc_col-md-10 vc_col-sm-offset-1 vc_col-xs-12&#8243;][\/vc_column][\/vc_row]<\/p>\n","protected":false},"excerpt":{"rendered":"<p>[vc_row css=&#8221;.vc_custom_1594238566557{padding-top: 73px !important;padding-right: 30px !important;padding-bottom: 89px !important;padding-left: 30px !important;}&#8221;][vc_column width=&#8221;1\/3&#8243;][vc_single_image image=&#8221;3261&#8243; img_size=&#8221;full&#8221;][\/vc_column][vc_column width=&#8221;2\/3&#8243;][vc_column_text] Acord\u0103m consultan\u0163\u0103 juridic\u0103, asisten\u0163\u0103 \u015fi reprezentare \u00een fa\u0163a oric\u0103ror organe judiciare, institu\u0163ii, PF sau PJ, pe \u00eentreg teritoriul \u0163\u0103rii. Activitatea Cabinetului se desf\u0103\u015foar\u0103 preponderent pe raza jude\u0163elor Cluj \u015fi S\u0103laj, \u00eens\u0103 putem g\u0103si o solu\u0163ie la [&hellip;]<\/p>\n","protected":false},"author":1,"featured_media":0,"parent":0,"menu_order":0,"comment_status":"closed","ping_status":"closed","template":"full-width.php","meta":[],"_links":{"self":[{"href":"https:\/\/avocatovidiugherman.ro\/index.php?rest_route=\/wp\/v2\/pages\/2002"}],"collection":[{"href":"https:\/\/avocatovidiugherman.ro\/index.php?rest_route=\/wp\/v2\/pages"}],"about":[{"href":"https:\/\/avocatovidiugherman.ro\/index.php?rest_route=\/wp\/v2\/types\/page"}],"author":[{"embeddable":true,"href":"https:\/\/avocatovidiugherman.ro\/index.php?rest_route=\/wp\/v2\/users\/1"}],"replies":[{"embeddable":true,"href":"https:\/\/avocatovidiugherman.ro\/index.php?rest_route=%2Fwp%2Fv2%2Fcomments&post=2002"}],"version-history":[{"count":20,"href":"https:\/\/avocatovidiugherman.ro\/index.php?rest_route=\/wp\/v2\/pages\/2002\/revisions"}],"predecessor-version":[{"id":3562,"href":"https:\/\/avocatovidiugherman.ro\/index.php?rest_route=\/wp\/v2\/pages\/2002\/revisions\/3562"}],"wp:attachment":[{"href":"https:\/\/avocatovidiugherman.ro\/index.php?rest_route=%2Fwp%2Fv2%2Fmedia&parent=2002"}],"curies":[{"name":"wp","href":"https:\/\/api.w.org\/{rel}","templated":true}]}}