{"id":291,"date":"2018-09-25T11:46:52","date_gmt":"2018-09-25T11:46:52","guid":{"rendered":"http:\/\/justicia.mikado-themes.com\/?page_id=291"},"modified":"2025-11-29T16:43:13","modified_gmt":"2025-11-29T16:43:13","slug":"despre-noi","status":"publish","type":"page","link":"https:\/\/avocatovidiugherman.ro\/?page_id=291","title":{"rendered":"Despre noi"},"content":{"rendered":"<p>[vc_row css=&#8221;.vc_custom_1594237938687{padding-top: 73px !important;padding-right: 30px !important;padding-bottom: 89px !important;padding-left: 30px !important;}&#8221;][vc_column][vc_column_text]<\/p>\n<p style=\"text-align: justify;\">Sunte\u021bi \u00een c\u0103utarea unui avocat de \u00eencredere \u00een Cluj sau S\u0103laj? Cu o experien\u021b\u0103 de peste 10 ani \u00een domeniul juridic, v\u0103 pot oferi consultan\u021b\u0103 \u0219i reprezentare de top pe raza acestor jude\u021be \u015fi nu numai.<\/p>\n<p style=\"text-align: justify;\">Sunt membru \u00een Baroul Cluj \u015fi absolvent al Facult\u0103\u0163ii de Drept din cadrul Universit\u0103\u0163ii Babe\u015f-Bolyai din Cluj-Napoca. Practic avocatura cu pasiune, iar scopul meu este s\u0103 pozi\u0163ionez interesele clientului \u00een centrul sistemului judiciar, prin g\u00e2ndirea unor strategii creative \u015fi flexibile.<br \/>\nDin perspectiva mea, rela\u0163ia avocat-client este caracterizat\u0103 prin dinamism. Consider c\u0103 nivelul maxim de implicare \u015fi comunicarea facil\u0103 reprezint\u0103 cheia unei colabor\u0103ri reu\u015fite, de care trebuie s\u0103 se bucure fiecare client.<br \/>\nUnul dintre primele mele obiective va fi s\u0103 preiau de pe umerii dvs. presiunea provocat\u0103 de necunoscutele \u015fi imprevizibilitatea sistemului judiciar, prin gestionarea cu promptitudine a problemelor angajate.<\/p>\n<p>Contacta\u021bi-m\u0103 pentru o evaluare rapid\u0103!<\/p>\n<p style=\"text-align: center;\"><strong>0742 936 778 <\/strong><\/p>\n<p>[\/vc_column_text][vc_empty_space height=&#8221;63px&#8221;][vc_row_inner][vc_column_inner]<div class=\"mkdf-elements-holder   mkdf-two-columns  mkdf-responsive-mode-768 \" ><div class=\"mkdf-eh-item     \"  data-item-class=\"mkdf-eh-custom-9759\">\n\t    <div class=\"mkdf-eh-item-inner\">\n\t\t<div class=\"mkdf-eh-item-content mkdf-eh-custom-9759\" style=\"padding: 0px 15px 0px 0px\">\n\t\t\t<div class=\"mkdf-single-image-holder   \">\n    <div class=\"mkdf-si-inner\" >\n                                    <img width=\"2560\" height=\"1833\" src=\"https:\/\/avocatovidiugherman.ro\/wp-content\/uploads\/2020\/07\/ovidiu-gherman-scaled.jpg\" class=\"attachment-full size-full\" alt=\"\" loading=\"lazy\" srcset=\"https:\/\/avocatovidiugherman.ro\/wp-content\/uploads\/2020\/07\/ovidiu-gherman-scaled.jpg 2560w, https:\/\/avocatovidiugherman.ro\/wp-content\/uploads\/2020\/07\/ovidiu-gherman-300x215.jpg 300w, https:\/\/avocatovidiugherman.ro\/wp-content\/uploads\/2020\/07\/ovidiu-gherman-1024x733.jpg 1024w, https:\/\/avocatovidiugherman.ro\/wp-content\/uploads\/2020\/07\/ovidiu-gherman-768x550.jpg 768w, https:\/\/avocatovidiugherman.ro\/wp-content\/uploads\/2020\/07\/ovidiu-gherman-1536x1100.jpg 1536w, https:\/\/avocatovidiugherman.ro\/wp-content\/uploads\/2020\/07\/ovidiu-gherman-600x430.jpg 600w\" sizes=\"(max-width: 2560px) 100vw, 2560px\" \/>                        <\/div>\n<\/div>[vc_empty_space height=&#8221;20px&#8221;]\t\t<\/div>\n\t<\/div>\n<\/div><\/div>[\/vc_column_inner][\/vc_row_inner][vc_empty_space height=&#8221;20px&#8221;]<div class=\"mkdf-elements-holder   mkdf-one-column  mkdf-responsive-mode-768 \" ><div class=\"mkdf-eh-item   mkdf-ehi-separate-border-enabled  \" style=\"background-color: #f7f7f7\" data-item-class=\"mkdf-eh-custom-4769\" data-1367-1600=\"21px 23px 22px 22px\" data-1025-1366=\"21px 23px 22px 22px\">\n\t        <div class=\"mkdf-ehi-separate-border\" style=\"border-color: #e7e7e7;top: -1px;left: -1px;right: -1px;bottom: -1px\"><\/div>\n        <div class=\"mkdf-eh-item-inner\">\n\t\t<div class=\"mkdf-eh-item-content mkdf-eh-custom-4769\" style=\"padding: 21px 23px 22px 16px\">\n\t\t\t[vc_column_text]<\/p>\n<p style=\"text-align: justify;\"><strong>Contacta\u0163i-ne \u015fi vom g\u0103si \u00eempreun\u0103 cea mai bun\u0103 rezolvare la problema dvs.<\/strong><\/p>\n<p style=\"text-align: justify;\"><div role=\"form\" class=\"wpcf7\" id=\"wpcf7-f542-o1\" lang=\"en-US\" dir=\"ltr\">\n<div class=\"screen-reader-response\"><p role=\"status\" aria-live=\"polite\" aria-atomic=\"true\"><\/p> <ul><\/ul><\/div>\n<form action=\"\/index.php?rest_route=%2Fwp%2Fv2%2Fpages%2F291#wpcf7-f542-o1\" method=\"post\" class=\"wpcf7-form init\" novalidate=\"novalidate\" data-status=\"init\">\n<div style=\"display: none;\">\n<input type=\"hidden\" name=\"_wpcf7\" value=\"542\" \/>\n<input type=\"hidden\" name=\"_wpcf7_version\" value=\"5.4.2\" \/>\n<input type=\"hidden\" name=\"_wpcf7_locale\" value=\"en_US\" \/>\n<input type=\"hidden\" name=\"_wpcf7_unit_tag\" value=\"wpcf7-f542-o1\" \/>\n<input type=\"hidden\" name=\"_wpcf7_container_post\" value=\"0\" \/>\n<input type=\"hidden\" name=\"_wpcf7_posted_data_hash\" value=\"\" \/>\n<\/div>\n<div class=\"mkdf-grid-row mkdf-grid-tiny-gutter\">\n<div class=\"mkdf-grid-col-6\">\n<label> Nume si prenume *<br \/>\n<span class=\"wpcf7-form-control-wrap your-name\"><input type=\"text\" name=\"your-name\" value=\"\" size=\"40\" class=\"wpcf7-form-control wpcf7-text wpcf7-validates-as-required\" aria-required=\"true\" aria-invalid=\"false\" \/><\/span>\n<\/div>\n<div class=\"mkdf-grid-col-6\">\n<label> Localitate *<br \/>\n<span class=\"wpcf7-form-control-wrap your-name1\"><input type=\"text\" name=\"your-name1\" value=\"\" size=\"40\" class=\"wpcf7-form-control wpcf7-text wpcf7-validates-as-required\" aria-required=\"true\" aria-invalid=\"false\" \/><\/span>\n<\/div>\n<div class=\"mkdf-grid-col-6\">\n<label> Telefon *<br \/>\n<span class=\"wpcf7-form-control-wrap your-phone\"><input type=\"text\" name=\"your-phone\" value=\"\" size=\"40\" class=\"wpcf7-form-control wpcf7-text wpcf7-validates-as-required\" aria-required=\"true\" aria-invalid=\"false\" \/><\/span>\n<\/div>\n<div class=\"mkdf-grid-col-6\">\n<label> Email *<br \/>\n<span class=\"wpcf7-form-control-wrap your-email\"><input type=\"email\" name=\"your-email\" value=\"\" size=\"40\" class=\"wpcf7-form-control wpcf7-text wpcf7-email wpcf7-validates-as-required wpcf7-validates-as-email\" aria-required=\"true\" aria-invalid=\"false\" \/><\/span><\/p>\n<\/div>\n<\/div>\n<p><label> Tipul consulta\u021biei *<br \/>\n<span class=\"wpcf7-form-control-wrap mkdf-select\"><select name=\"mkdf-select\" class=\"wpcf7-form-control wpcf7-select\" aria-invalid=\"false\"><option value=\"Consulta\u021bie la sediul Cabinetului\">Consulta\u021bie la sediul Cabinetului<\/option><option value=\"Consulta\u021bie online - \u00een sistem de video-conferin\u021b\u0103\">Consulta\u021bie online - \u00een sistem de video-conferin\u021b\u0103<\/option><\/select><\/span><br \/>\n<label> Descrierea situa\u021biei juridice *<br \/>\n<span class=\"wpcf7-form-control-wrap your-message\"><textarea name=\"your-message\" cols=\"40\" rows=\"10\" class=\"wpcf7-form-control wpcf7-textarea\" aria-invalid=\"false\"><\/textarea><\/span><br \/>\n<span class=\"wpcf7-form-control-wrap acceptance-147\"><span class=\"wpcf7-form-control wpcf7-acceptance\"><span class=\"wpcf7-list-item\"><label><input type=\"checkbox\" name=\"acceptance-147\" value=\"1\" aria-invalid=\"false\" \/><span class=\"wpcf7-list-item-label\">Sunt de acord cu Termenii \u0219i condi\u021biile de utilizare a site-ului*<\/span><\/label><\/span><\/span><\/span><br \/>\n<span class=\"wpcf7-form-control-wrap acceptance-167\"><span class=\"wpcf7-form-control wpcf7-acceptance\"><span class=\"wpcf7-list-item\"><label><input type=\"checkbox\" name=\"acceptance-167\" value=\"1\" aria-invalid=\"false\" \/><span class=\"wpcf7-list-item-label\">Sunt de acord cu prelucrarea datelor mele cu caracter personal conform GDPR*<\/span><\/label><\/span><\/span><\/span><br \/>\n<span class=\"wpcf7-form-control-wrap acceptance-855\"><span class=\"wpcf7-form-control wpcf7-acceptance optional\"><span class=\"wpcf7-list-item\"><label><input type=\"checkbox\" name=\"acceptance-855\" value=\"1\" aria-invalid=\"false\" \/><span class=\"wpcf7-list-item-label\">Sunt de acord s\u0103 primesc nout\u0103\u021bi din domeniul juridic<\/span><\/label><\/span><\/span><\/span><\/p>\n<p><input type=\"submit\" value=\"Trimite\" class=\"wpcf7-form-control wpcf7-submit\" \/><\/p>\n<div class=\"wpcf7-response-output\" aria-hidden=\"true\"><\/div><\/form><\/div>\n<p>&nbsp;<\/p>\n<p style=\"text-align: center;\"><strong>0742 936 778 <\/strong><\/p>\n<p>[\/vc_column_text]\t\t<\/div>\n\t<\/div>\n<\/div><\/div>[vc_empty_space height=&#8221;49px&#8221;][\/vc_column][\/vc_row]<\/p>\n","protected":false},"excerpt":{"rendered":"<p>[vc_row css=&#8221;.vc_custom_1594237938687{padding-top: 73px !important;padding-right: 30px !important;padding-bottom: 89px !important;padding-left: 30px !important;}&#8221;][vc_column][vc_column_text] Sunte\u021bi \u00een c\u0103utarea unui avocat de \u00eencredere \u00een Cluj sau S\u0103laj? Cu o experien\u021b\u0103 de peste 10 ani \u00een domeniul juridic, v\u0103 pot oferi consultan\u021b\u0103 \u0219i reprezentare de top pe raza acestor jude\u021be \u015fi nu numai. Sunt membru \u00een Baroul [&hellip;]<\/p>\n","protected":false},"author":1,"featured_media":0,"parent":0,"menu_order":0,"comment_status":"closed","ping_status":"closed","template":"full-width.php","meta":[],"_links":{"self":[{"href":"https:\/\/avocatovidiugherman.ro\/index.php?rest_route=\/wp\/v2\/pages\/291"}],"collection":[{"href":"https:\/\/avocatovidiugherman.ro\/index.php?rest_route=\/wp\/v2\/pages"}],"about":[{"href":"https:\/\/avocatovidiugherman.ro\/index.php?rest_route=\/wp\/v2\/types\/page"}],"author":[{"embeddable":true,"href":"https:\/\/avocatovidiugherman.ro\/index.php?rest_route=\/wp\/v2\/users\/1"}],"replies":[{"embeddable":true,"href":"https:\/\/avocatovidiugherman.ro\/index.php?rest_route=%2Fwp%2Fv2%2Fcomments&post=291"}],"version-history":[{"count":10,"href":"https:\/\/avocatovidiugherman.ro\/index.php?rest_route=\/wp\/v2\/pages\/291\/revisions"}],"predecessor-version":[{"id":3558,"href":"https:\/\/avocatovidiugherman.ro\/index.php?rest_route=\/wp\/v2\/pages\/291\/revisions\/3558"}],"wp:attachment":[{"href":"https:\/\/avocatovidiugherman.ro\/index.php?rest_route=%2Fwp%2Fv2%2Fmedia&parent=291"}],"curies":[{"name":"wp","href":"https:\/\/api.w.org\/{rel}","templated":true}]}}

<p>[vc_row css=&#8221;.vc_custom_1594237938687{padding-top: 73px !important;padding-right: 30px !important;padding-bottom: 89px !important;padding-left: 30px !important;}&#8221;][vc_column][vc_column_text]</p>
<p style="text-align: justify;">Sunteți în căutarea unui avocat de încredere în Cluj sau Sălaj? Cu o experiență de peste 10 ani în domeniul juridic, vă pot oferi consultanță și reprezentare de top pe raza acestor județe şi nu numai.</p>
<p style="text-align: justify;">Sunt membru în Baroul Cluj şi absolvent al Facultăţii de Drept din cadrul Universităţii Babeş-Bolyai din Cluj-Napoca. Practic avocatura cu pasiune, iar scopul meu este să poziţionez interesele clientului în centrul sistemului judiciar, prin gândirea unor strategii creative şi flexibile.<br />
Din perspectiva mea, relaţia avocat-client este caracterizată prin dinamism. Consider că nivelul maxim de implicare şi comunicarea facilă reprezintă cheia unei colaborări reuşite, de care trebuie să se bucure fiecare client.<br />
Unul dintre primele mele obiective va fi să preiau de pe umerii dvs. presiunea provocată de necunoscutele şi imprevizibilitatea sistemului judiciar, prin gestionarea cu promptitudine a problemelor angajate.</p>
<p>Contactați-mă pentru o evaluare rapidă!</p>
<p style="text-align: center;"><strong>0742 936 778 </strong></p>
<p>[/vc_column_text][vc_empty_space height=&#8221;63px&#8221;][vc_row_inner][vc_column_inner]<div class="mkdf-elements-holder   mkdf-two-columns  mkdf-responsive-mode-768 " ><div class="mkdf-eh-item     "  data-item-class="mkdf-eh-custom-9759">
	    <div class="mkdf-eh-item-inner">
		<div class="mkdf-eh-item-content mkdf-eh-custom-9759" style="padding: 0px 15px 0px 0px">
			<div class="mkdf-single-image-holder   ">
    <div class="mkdf-si-inner" >
                                    <img width="2560" height="1833" src="https://avocatovidiugherman.ro/wp-content/uploads/2020/07/ovidiu-gherman-scaled.jpg" class="attachment-full size-full" alt="" loading="lazy" srcset="https://avocatovidiugherman.ro/wp-content/uploads/2020/07/ovidiu-gherman-scaled.jpg 2560w, https://avocatovidiugherman.ro/wp-content/uploads/2020/07/ovidiu-gherman-300x215.jpg 300w, https://avocatovidiugherman.ro/wp-content/uploads/2020/07/ovidiu-gherman-1024x733.jpg 1024w, https://avocatovidiugherman.ro/wp-content/uploads/2020/07/ovidiu-gherman-768x550.jpg 768w, https://avocatovidiugherman.ro/wp-content/uploads/2020/07/ovidiu-gherman-1536x1100.jpg 1536w, https://avocatovidiugherman.ro/wp-content/uploads/2020/07/ovidiu-gherman-600x430.jpg 600w" sizes="(max-width: 2560px) 100vw, 2560px" />                        </div>
</div>[vc_empty_space height=&#8221;20px&#8221;]		</div>
	</div>
</div></div>[/vc_column_inner][/vc_row_inner][vc_empty_space height=&#8221;20px&#8221;]<div class="mkdf-elements-holder   mkdf-one-column  mkdf-responsive-mode-768 " ><div class="mkdf-eh-item   mkdf-ehi-separate-border-enabled  " style="background-color: #f7f7f7" data-item-class="mkdf-eh-custom-4769" data-1367-1600="21px 23px 22px 22px" data-1025-1366="21px 23px 22px 22px">
	        <div class="mkdf-ehi-separate-border" style="border-color: #e7e7e7;top: -1px;left: -1px;right: -1px;bottom: -1px"></div>
        <div class="mkdf-eh-item-inner">
		<div class="mkdf-eh-item-content mkdf-eh-custom-4769" style="padding: 21px 23px 22px 16px">
			[vc_column_text]</p>
<p style="text-align: justify;"><strong>Contactaţi-ne şi vom găsi împreună cea mai bună rezolvare la problema dvs.</strong></p>
<p style="text-align: justify;"><div role="form" class="wpcf7" id="wpcf7-f542-o1" lang="en-US" dir="ltr">
<div class="screen-reader-response"><p role="status" aria-live="polite" aria-atomic="true"></p> <ul></ul></div>
<form action="/index.php?rest_route=%2Fwp%2Fv2%2Fpages%2F291#wpcf7-f542-o1" method="post" class="wpcf7-form init" novalidate="novalidate" data-status="init">
<div style="display: none;">
<input type="hidden" name="_wpcf7" value="542" />
<input type="hidden" name="_wpcf7_version" value="5.4.2" />
<input type="hidden" name="_wpcf7_locale" value="en_US" />
<input type="hidden" name="_wpcf7_unit_tag" value="wpcf7-f542-o1" />
<input type="hidden" name="_wpcf7_container_post" value="0" />
<input type="hidden" name="_wpcf7_posted_data_hash" value="" />
</div>
<div class="mkdf-grid-row mkdf-grid-tiny-gutter">
<div class="mkdf-grid-col-6">
<label> Nume si prenume *<br />
<span class="wpcf7-form-control-wrap your-name"><input type="text" name="your-name" value="" size="40" class="wpcf7-form-control wpcf7-text wpcf7-validates-as-required" aria-required="true" aria-invalid="false" /></span>
</div>
<div class="mkdf-grid-col-6">
<label> Localitate *<br />
<span class="wpcf7-form-control-wrap your-name1"><input type="text" name="your-name1" value="" size="40" class="wpcf7-form-control wpcf7-text wpcf7-validates-as-required" aria-required="true" aria-invalid="false" /></span>
</div>
<div class="mkdf-grid-col-6">
<label> Telefon *<br />
<span class="wpcf7-form-control-wrap your-phone"><input type="text" name="your-phone" value="" size="40" class="wpcf7-form-control wpcf7-text wpcf7-validates-as-required" aria-required="true" aria-invalid="false" /></span>
</div>
<div class="mkdf-grid-col-6">
<label> Email *<br />
<span class="wpcf7-form-control-wrap your-email"><input type="email" name="your-email" value="" size="40" class="wpcf7-form-control wpcf7-text wpcf7-email wpcf7-validates-as-required wpcf7-validates-as-email" aria-required="true" aria-invalid="false" /></span></p>
</div>
</div>
<p><label> Tipul consultației *<br />
<span class="wpcf7-form-control-wrap mkdf-select"><select name="mkdf-select" class="wpcf7-form-control wpcf7-select" aria-invalid="false"><option value="Consultație la sediul Cabinetului">Consultație la sediul Cabinetului</option><option value="Consultație online - în sistem de video-conferință">Consultație online - în sistem de video-conferință</option></select></span><br />
<label> Descrierea situației juridice *<br />
<span class="wpcf7-form-control-wrap your-message"><textarea name="your-message" cols="40" rows="10" class="wpcf7-form-control wpcf7-textarea" aria-invalid="false"></textarea></span><br />
<span class="wpcf7-form-control-wrap acceptance-147"><span class="wpcf7-form-control wpcf7-acceptance"><span class="wpcf7-list-item"><label><input type="checkbox" name="acceptance-147" value="1" aria-invalid="false" /><span class="wpcf7-list-item-label">Sunt de acord cu Termenii și condițiile de utilizare a site-ului*</span></label></span></span></span><br />
<span class="wpcf7-form-control-wrap acceptance-167"><span class="wpcf7-form-control wpcf7-acceptance"><span class="wpcf7-list-item"><label><input type="checkbox" name="acceptance-167" value="1" aria-invalid="false" /><span class="wpcf7-list-item-label">Sunt de acord cu prelucrarea datelor mele cu caracter personal conform GDPR*</span></label></span></span></span><br />
<span class="wpcf7-form-control-wrap acceptance-855"><span class="wpcf7-form-control wpcf7-acceptance optional"><span class="wpcf7-list-item"><label><input type="checkbox" name="acceptance-855" value="1" aria-invalid="false" /><span class="wpcf7-list-item-label">Sunt de acord să primesc noutăți din domeniul juridic</span></label></span></span></span></p>
<p><input type="submit" value="Trimite" class="wpcf7-form-control wpcf7-submit" /></p>
<div class="wpcf7-response-output" aria-hidden="true"></div></form></div>
<p>&nbsp;</p>
<p style="text-align: center;"><strong>0742 936 778 </strong></p>
<p>[/vc_column_text]		</div>
	</div>
</div></div>[vc_empty_space height=&#8221;49px&#8221;][/vc_column][/vc_row]</p>

<p>[vc_row css=&#8221;.vc_custom_1594237938687{padding-top: 73px !important;padding-right: 30px !important;padding-bottom: 89px !important;padding-left: 30px !important;}&#8221;][vc_column][vc_column_text] Sunteți în căutarea unui avocat de încredere în Cluj sau Sălaj? Cu o experiență de peste 10 ani în domeniul juridic, vă pot oferi consultanță și reprezentare de top pe raza acestor județe şi nu numai. Sunt membru în Baroul [&hellip;]</p>
