{"id":644,"date":"2018-09-27T11:50:25","date_gmt":"2018-09-27T11:50:25","guid":{"rendered":"http:\/\/justicia.mikado-themes.com\/?page_id=644"},"modified":"2020-09-09T15:59:34","modified_gmt":"2020-09-09T15:59:34","slug":"blog1","status":"publish","type":"page","link":"https:\/\/avocatovidiugherman.ro\/?page_id=644","title":{"rendered":"BLOG"},"content":{"rendered":"<p>[vc_row][vc_column][vc_column_text]<\/p>\n<h3 style=\"text-align: justify;\">Aceast\u0103 sec\u0163iune are misiunea de a aduce informa\u0163ia juridic\u0103 mai aproape de voi. \u00a0\u00cen cuprinsul articolelor postate voi trata, punctual, probleme de drept dintre cele mai diverse, \u00eentr-o manier\u0103 accesibil\u0103 \u015fi pe \u00een\u0163elesul tuturor. Voi folosi tehnologia, designul \u015fi\u00a0o gam\u0103 variat\u0103 de instrumente online pentru a face serviciile juridice mai accesibile pentru voi \u2013 clien\u0163ii, iar feedback-ul vostru va fi m\u0103sura reu\u015fitei acestui demers.<\/h3>\n<p>[\/vc_column_text][\/vc_column][\/vc_row]<\/p>\n","protected":false},"excerpt":{"rendered":"<p>[vc_row][vc_column][vc_column_text] Aceast\u0103 sec\u0163iune are misiunea de a aduce informa\u0163ia juridic\u0103 mai aproape de voi. \u00a0\u00cen cuprinsul articolelor postate voi trata, punctual, probleme de drept dintre cele mai diverse, \u00eentr-o manier\u0103 accesibil\u0103 \u015fi pe \u00een\u0163elesul tuturor. Voi folosi tehnologia, designul \u015fi\u00a0o gam\u0103 variat\u0103 de instrumente online pentru a face serviciile juridice [&hellip;]<\/p>\n","protected":false},"author":1,"featured_media":0,"parent":0,"menu_order":0,"comment_status":"closed","ping_status":"closed","template":"blog-standard","meta":[],"_links":{"self":[{"href":"https:\/\/avocatovidiugherman.ro\/index.php?rest_route=\/wp\/v2\/pages\/644"}],"collection":[{"href":"https:\/\/avocatovidiugherman.ro\/index.php?rest_route=\/wp\/v2\/pages"}],"about":[{"href":"https:\/\/avocatovidiugherman.ro\/index.php?rest_route=\/wp\/v2\/types\/page"}],"author":[{"embeddable":true,"href":"https:\/\/avocatovidiugherman.ro\/index.php?rest_route=\/wp\/v2\/users\/1"}],"replies":[{"embeddable":true,"href":"https:\/\/avocatovidiugherman.ro\/index.php?rest_route=%2Fwp%2Fv2%2Fcomments&post=644"}],"version-history":[{"count":2,"href":"https:\/\/avocatovidiugherman.ro\/index.php?rest_route=\/wp\/v2\/pages\/644\/revisions"}],"predecessor-version":[{"id":3248,"href":"https:\/\/avocatovidiugherman.ro\/index.php?rest_route=\/wp\/v2\/pages\/644\/revisions\/3248"}],"wp:attachment":[{"href":"https:\/\/avocatovidiugherman.ro\/index.php?rest_route=%2Fwp%2Fv2%2Fmedia&parent=644"}],"curies":[{"name":"wp","href":"https:\/\/api.w.org\/{rel}","templated":true}]}}